Let p(j) be the third derivative of j**4/24 + 11*j**3/3 + 11*j**2. Let z be p(-16). Let c = -2 + z. What is the units digit of c?
4
Let p(t) = -2*t + 14. Let z be p(12). Let f be (6/z)/(5/(-25)). Suppose -k - 10 = -2*o, -f*o + 5*o + 3*k = 2. What is the units digit of o?
4
Let r be 25/2 + 4/(-8). Let f(s) = -4*s**3 + 2*s**2 + 3*s - 3. Let y be f(2). Let t = r - y. What is the tens digit of t?
3
Let a be (-245)/(-25) + 3/15. Let c(o) = o**2 + 9*o - 10. Let d be c(a). Suppose -2*f + 4*p + 120 = 0, -2*f = f + 4*p - d. What is the units digit of f?
0
Suppose -36 = -4*u + 8*u. Let o(y) = 2*y**2 - 6*y + 8. What is the hundreds digit of o(u)?
2
Let q = 13 + -21. Let v(d) = -7*d + 190*d**2 - 2 + 12*d - 189*d**2. What is the units digit of v(q)?
2
Let d = 239 + 559. What is the tens digit of d?
9
Suppose -3*o + 14 = 4*z, -3 = 2*o - 5*z + 3. Suppose -3*k + 8*k = -5*w + 465, -5*k - 186 = -o*w. What is the units digit of w?
3
What is the tens digit of 0 + (-1652)/(-8)*4?
2
Let u(l) = 5*l**3 + 2*l**2 - 3*l + 9. What is the tens digit of u(4)?
4
Let r(z) = 12*z + 235. What is the hundreds digit of r(45)?
7
Let a(i) = 2*i**2 + 12*i - 14. Let o be a(-10). Let r = o + -42. What is the tens digit of r?
2
Let t(r) = r**2 + 3*r - 4. Let k be t(-10). Let z = -16 + k. Suppose 6*m - z = 160. What is the units digit of m?
5
Let t(n) = -118*n + 18. What is the hundreds digit of t(-10)?
1
Let s(p) = 183*p - 167. What is the units digit of s(3)?
2
Let u be (-2002)/99 - (-2)/9. What is the tens digit of (u/15)/((-1)/24)?
3
Suppose 3*u - 2*s - 346 = 0, u + 4*s + 102 = 2*u. What is the units digit of u?
8
Let q(d) = d + 16. Let g be q(-12). Suppose 0 = -g*v - 4*z + 2*z + 176, -5*v - 5*z + 230 = 0. What is the tens digit of v?
4
Let a = 74 - 72. What is the tens digit of (-2)/a*(-3 + -170)?
7
Let t be (3 - -2)*96/10. Let c = t - -60. What is the hundreds digit of c?
1
Let f = 44 + -18. Let l = 27 - f. What is the units digit of (l + 6)*(-240)/(-35)?
8
Let w = -47 - -47. What is the tens digit of (3 - 2)*(1 - w)*79?
7
Suppose -3*v - 4*i + 2492 = 0, 5*v - 1631 = i + 2507. What is the hundreds digit of v?
8
Let u(x) = 2*x**2 - 9*x - 32. What is the hundreds digit of u(-10)?
2
Let a be ((-3 - 0) + -14)*-3. Suppose k + 5*c = a, 0 = 2*k + 8*c - 4*c - 108. What is the units digit of k?
6
Let y = -16 + 23. Suppose 4*c = y*c + 27. What is the units digit of (-4)/c*18/4?
2
Let h(t) = -t + 1. Let p be 8/(-10)*(-15)/(-2). What is the units digit of h(p)?
7
Let d = -1610 + 3814. What is the thousands digit of d?
2
Let l(p) = -2*p**3 + 2*p + 3. Let d be l(-2). Let a(x) be the first derivative of x**3/3 - 13*x**2/2 + 3. What is the units digit of a(d)?
0
Suppose 0 = -5*r + 2*p - 5, 2*p - 14 = -4*r - 0*p. Let c be (r/(-2))/((-2)/48). What is the units digit of 4/8 + 78/c?
7
Suppose -8*f - 9 = -9*f. Let t(g) = 20 + 4*g + 0*g - f*g. What is the units digit of t(-6)?
0
Let c = -69 + 60. Let v = 12 + c. What is the units digit of v?
3
Let f(d) = 5*d - 9. Let p be f(6). Let s be 10/3 + (-7)/p. Suppose -14 - 145 = -s*z. What is the tens digit of z?
5
Suppose -7*q + 53*q = 110400. What is the tens digit of q?
0
Let s(x) = -42*x**3 + 8*x**2 - 4. What is the tens digit of s(-2)?
6
Suppose 32*j + 16151 = 98647. What is the units digit of j?
8
Let c = 273 + -109. Suppose 13*i = 15*i - c. What is the units digit of i?
2
Let h = -42 - -59. Suppose -20 = -5*p - 0*n - 5*n, -h = -5*p - 4*n. Suppose 4*y + p - 17 = 0. What is the units digit of y?
4
Suppose -8 = 4*j, n = j + 497 + 305. What is the tens digit of n?
0
Let y(h) = -h**3 - 5*h**2 + 9*h + 5. Let t be y(-6). Let z = -15 - t. What is the tens digit of (z + (-8)/6)*-3?
1
Let o = 175 + -71. Let b = o - 59. What is the tens digit of b?
4
Let p = 428 + -97. What is the units digit of p?
1
Suppose 4*g + 2366 = 18*g. Suppose -2*s + g = -109. What is the tens digit of s?
3
Let t = -92 - -133. Let o be 2 - 0 - (3 - t). What is the units digit of 1344/o - (-6)/15?
4
Let f = 14 + -25. Let j(o) = 2*o - 1. Let n(v) = -v. Let s(q) = f*n(q) - 6*j(q). What is the tens digit of s(-8)?
1
Let v(j) = 8*j**2 + 2*j. Let p be v(-2). Suppose 0 = -2*a - 0*a - p. What is the tens digit of 532/22 - a/(-77)?
2
Suppose 2 = -y + 6. Suppose -4*m + 18 = o, y*o + 5*m - 30 = -2. Suppose 0 = -o*i + d + 83 - 25, -8 = 2*d. What is the units digit of i?
7
Suppose -2*n + 430 = 8*n. What is the tens digit of n?
4
Let i(w) = -42*w - 367. What is the units digit of i(-26)?
5
Let v = 36 + 6. Let s(r) = -2*r**2 - 60*r + 5. Let g be s(-30). Suppose -3*l + 0*l = 5*j - 38, -2*l = g*j - v. What is the units digit of j?
0
Suppose -2*w - w + 141 = -2*c, -186 = 3*c + 4*w. Let s be (210/4)/(c/(-88)). Suppose -3*l + s = 4*a + 14, 92 = 3*l - 5*a. What is the tens digit of l?
2
Suppose 4*n = 5*l + 3444, 2*n - 3*l = 4*n - 1700. What is the hundreds digit of n?
8
Suppose 1372 + 8576 = 4*v. What is the units digit of v?
7
Suppose 3*b = -0*b. Suppose 0 = 2*w - 3*s - 5 - b, 0 = 3*w - 4*s - 8. What is the units digit of w?
4
Suppose 30*q = 34*q + 2*b - 6312, -4*q + 4*b + 6324 = 0. What is the tens digit of q?
7
Let w(t) = -13*t**2 + 15*t - 61. Let f(h) = -3*h**2 + 4*h - 15. Let k(g) = -9*f(g) + 2*w(g). What is the units digit of k(3)?
4
Suppose -3*d + 394 + 185 = 0. Suppose w - 4*f = d, 0 = 3*w + 2*w - 4*f - 933. What is the tens digit of w?
8
Suppose -733 = -5*h - 3*c, -h - 4*c = 3*h - 588. Suppose 2*v - h + 32 = 0. What is the tens digit of v?
5
What is the units digit of 13/26 + (-2170)/(-4)?
3
Suppose -2*x + 1 + 6 = 5*i, 4*x - 38 = -2*i. Suppose -4*n - m + x = n, -3*n - 11 = 5*m. Suppose n*p - 54 = 54. What is the tens digit of p?
3
Suppose -4*r - 488 = 3*j - 14807, r = j + 3571. What is the thousands digit of r?
3
Let s be 0 - ((-9)/3 - -1). Suppose s*q = q + 7. Let j = q + -6. What is the units digit of j?
1
Let j = 4 - 86. Let c = -1822 + 1938. Let o = c + j. What is the tens digit of o?
3
Suppose -1035 = 22*h - 3851. What is the hundreds digit of h?
1
Let a(t) = -t**3 + 21*t**2 - 25*t - 72. What is the hundreds digit of a(13)?
9
Suppose f = 3*a + 9, -f - a + 4 = a. Let t be (-1263)/(-6) - 3/f. What is the tens digit of (4/(-6))/((-10)/t)?
1
Let h(i) = i**2 + 8*i - 22. Let q be h(10). Suppose -3*t - 150 = -3*n, 0*t = -3*n + t + q. What is the units digit of n?
4
Suppose 1478 = 1109*q - 1107*q. What is the hundreds digit of q?
7
Let z(p) = -p - 5. Let q be z(-5). What is the tens digit of q + -1 + (-3 - -212)?
0
Let b(g) = 41*g**2 - 7*g + 6. What is the thousands digit of b(8)?
2
Let t(w) = 3*w - 19. Let h be (-126)/(-8) - 1/(-4). What is the tens digit of t(h)?
2
Let r(p) = -p**3 - 12*p**2 + 16*p + 30. What is the units digit of r(-16)?
8
Suppose -32 = 3*r - 1040. Let q = r - 235. What is the tens digit of q?
0
Let f(k) be the first derivative of -k**3/3 - 5*k**2/2 - 7*k - 5. Let u(b) be the first derivative of f(b). What is the tens digit of u(-11)?
1
Let r(i) = i**3 - 10*i**2 + 90*i + 21. What is the units digit of r(9)?
0
Let b(h) = -4*h - 43. Let t be b(-10). What is the hundreds digit of t/2*(-992)/12?
1
Let b = 270 - 129. Let x = b + -94. Let f = x - -5. What is the tens digit of f?
5
Let j be (18/12)/((-2)/(-84)). Suppose 0 = -3*c + 4*c - j. What is the units digit of c?
3
What is the units digit of 28/(-12)*-1059 - -6?
7
Suppose 3*p - 403 = -4*z, 59 + 72 = p - 2*z. Suppose p = 2*m + 25. What is the units digit of m?
4
Let g(f) = 14*f**2 + 5*f - 5. Let s be g(5). Suppose 0 = -10*c + 1010 - s. What is the units digit of c?
4
Let b(n) = -3*n**2 + 18. Suppose w - 2 = -2. What is the units digit of b(w)?
8
Let w(u) = u**3 - 7*u**2 - 6*u + 10. Suppose -3*m + 5*m - 3 = -3*h, 0 = 5*m + 3*h + 15. Let t = 2 - m. What is the units digit of w(t)?
6
Let b(g) = 4 + g - 11 + 5 + 3*g**2. Let l(x) = 5*x - 7. Let s be l(2). What is the units digit of b(s)?
8
Suppose 12*r = 5*j + 13*r - 2607, -2*j + 4*r + 1056 = 0. What is the units digit of j?
2
Suppose 7*c - 1275 = -407. What is the units digit of c?
4
Let o(c) = -7*c + 131. Let t be o(0). Let l = t + -44. What is the units digit of l?
7
Suppose 619*u = 615*u + 24. Let m(s) be the first derivative of -s**3/3 + 4*s**2 - 7*s - 2. What is the units digit of m(u)?
5
Let r = 91 + 35. Suppose 3*k - 10*k = -r. What is the units digit of k?
8
Let b(t) = t**3 - 7